
Does 379 divide 134545?
True
Does 29 divide 435?
True
Is 5 a factor of 15021?
False
Is 63 a factor of 20223?
True
Is 82 a factor of 24914?
False
Does 13 divide 10907?
True
Does 22 divide 8470?
True
Is 12 a factor of 211?
False
Is 120 a factor of 3476?
False
Is 612 a multiple of 18?
True
Is 369 a multiple of 9?
True
Is 27 a factor of 16124?
False
Is 33 a factor of 25047?
True
Is 34 a factor of 46710?
False
Is 9633 a multiple of 39?
True
Is 1332 a multiple of 7?
False
Does 20 divide 125100?
True
Is 93 a factor of 1953?
True
Is 107 a factor of 1682?
False
Is 74 a factor of 4664?
False
Is 3 a factor of 201?
True
Is 2864 a multiple of 50?
False
Is 11 a factor of 4192?
False
Does 25 divide 450?
True
Does 10 divide 868?
False
Is 20 a factor of 91420?
True
Does 45 divide 5130?
True
Is 1926 a multiple of 43?
False
Is 56 a factor of 1456?
True
Is 24 a factor of 3604?
False
Is 59 a factor of 4667?
False
Is 14 a factor of 784?
True
Is 702 a multiple of 14?
False
Is 10 a factor of 19026?
False
Is 7723 even?
False
Is 400 a multiple of 50?
True
Does 19 divide 30683?
False
Does 6 divide 951?
False
Does 23 divide 1712?
False
Is 33 a factor of 1381?
False
Is 162 a multiple of 3?
True
Does 40 divide 12857?
False
Is 11547 a multiple of 120?
False
Is 996 a multiple of 12?
True
Does 45 divide 921?
False
Is 1092 a multiple of 26?
True
Is 3298 a multiple of 194?
True
Is 22464 a multiple of 54?
True
Does 17 divide 2941?
True
Is 6 a factor of 476?
False
Does 4 divide 1662?
False
Is 3400 a multiple of 50?
True
Does 10 divide 2270?
True
Is 18303 a multiple of 118?
False
Is 955 a multiple of 10?
False
Is 777 a multiple of 21?
True
Does 15 divide 93?
False
Is 13462 a multiple of 53?
True
Is 658 a multiple of 7?
True
Does 204 divide 19076?
False
Does 10 divide 3660?
True
Is 46 a factor of 2254?
True
Is 218 a multiple of 26?
False
Is 8784 a multiple of 122?
True
Is 103 a factor of 44195?
False
Does 15 divide 4140?
True
Does 4 divide 257?
False
Does 22 divide 4368?
False
Is 23 a factor of 43079?
True
Is 8391 a multiple of 28?
False
Is 220 a factor of 56100?
True
Does 25 divide 1475?
True
Does 21 divide 6636?
True
Is 1122 a multiple of 68?
False
Is 17 a factor of 3536?
True
Is 1522 a multiple of 29?
False
Is 340 a multiple of 24?
False
Does 10 divide 22040?
True
Does 106 divide 5406?
True
Is 13888 a multiple of 217?
True
Does 13 divide 273?
True
Does 24 divide 1462?
False
Is 20 a factor of 2060?
True
Is 324 a multiple of 6?
True
Is 12321 a multiple of 111?
True
Does 5 divide 40?
True
Does 2 divide 138?
True
Is 3 a multiple of 3?
True
Does 13 divide 109?
False
Is 47 a multiple of 2?
False
Does 11 divide 6789?
False
Is 3206 even?
True
Is 61 a factor of 3889?
False
Is 10 a factor of 220?
True
Is 87 a factor of 63597?
True
Is 39 a factor of 12129?
True
Is 9 a factor of 441?
True
Is 22 a factor of 2156?
True
Is 51 a multiple of 17?
True
Is 17 a factor of 154?
False
Does 6 divide 78?
True
Is 12902 a multiple of 71?
False
Does 137 divide 28423?
False
Is 1343 a multiple of 43?
False
Does 24 divide 1224?
True
Is 1388 a multiple of 5?
False
Does 73 divide 137?
False
Does 135 divide 2025?
True
Does 15 divide 859?
False
Is 10014 a multiple of 39?
False
Does 22 divide 20617?
False
Does 33 divide 788?
False
Does 12 divide 3288?
True
Does 12 divide 372?
True
Is 179 a multiple of 2?
False
Does 9 divide 9018?
True
Is 10764 a multiple of 117?
True
Does 16 divide 6074?
False
Is 38471 a multiple of 6?
False
Does 227 divide 4767?
True
Is 2006 a multiple of 118?
True
Does 10 divide 110?
True
Is 185 a multiple of 37?
True
Is 52938 a multiple of 17?
True
Is 578 a multiple of 17?
True
Does 29 divide 11687?
True
Is 10 a factor of 1980?
True
Does 36 divide 1800?
True
Is 66 a factor of 357?
False
Is 21 a factor of 8100?
False
Is 11 a factor of 5456?
True
Does 68 divide 1208?
False
Is 79 a multiple of 11?
False
Is 32 a factor of 512?
True
Is 7 a factor of 172?
False
Is 891 a multiple of 99?
True
Does 13 divide 2951?
True
Is 33 a factor of 48102?
False
Does 38 divide 1433?
False
Is 891 a multiple of 33?
True
Is 41 a factor of 1599?
True
Is 6 a factor of 4378?
False
Is 140 a multiple of 5?
True
Is 400 a multiple of 10?
True
Does 11 divide 112?
False
Is 13 a factor of 77792?
True
Does 9 divide 1206?
True
Is 19 a factor of 16749?
False
Is 7100 a multiple of 25?
True
Does 7 divide 309?
False
Does 12 divide 612?
True
Is 70 a factor of 7490?
True
Does 8 divide 1836?
False
Does 25 divide 2450?
True
Does 3 divide 236?
False
Does 21 divide 63?
True
Does 4 divide 804?
True
Does 17 divide 17?
True
Is 11 a factor of 6545?
True
Does 14 divide 1646?
False
Does 50 divide 16562?
False
Is 24 a factor of 25961?
False
Is 18 a factor of 28206?
True
Is 759 a multiple of 14?
False
Is 6 a factor of 2442?
True
Is 14 a factor of 18975?
False
Does 38 divide 10564?
True
Is 6 a factor of 17876?
False
Is 24 a factor of 2596?
False
Does 4 divide 9406?
False
Does 26 divide 2205?
False
Is 30 a factor of 8340?
True
Does 182 divide 2002?
True
Does 9 divide 963?
True
Does 4 divide 1155?
False
Is 13020 a multiple of 60?
True
Does 339 divide 51167?
False
Is 518 a multiple of 3?
False
Is 6 a factor of 192?
True
Is 29952 a multiple of 36?
True
Is 88 a factor of 1415?
False
Is 36 a factor of 7740?
True
Is 97 a factor of 19868?
False
Is 13 a factor of 11739?
True
Is 66 a factor of 6001?
False
Does 66 divide 834?
False
Is 9902 a multiple of 10?
False
Does 6 divide 156?
True
Is 305 a factor of 3572?
False
Does 4 divide 843?
False
Is 301 a multiple of 7?
True
Is 410 a multiple of 5?
True
Is 644 a multiple of 23?
True
Is 832 a multiple of 12?
False
Is 510 a multiple of 39?
False
Is 51 a factor of 67065?
True
Does 14 divide 12586?
True
Is 219 a multiple of 73?
True
Does 61 divide 39065?
False
Is 9 a factor of 243?
True
Is 1500 a multiple of 20?
True
Does 4 divide 514?
False
Is 9 a factor of 3165?
False
Is 27 a factor of 216?
True
Does 25 divide 1923?
False
Is 2113 a multiple of 15?
False
Is 21 a factor of 1340?
False
Does 50 divide 716?
False
Is 24 a factor of 17793?
False
Is 3550 a multiple of 2?
True
Is 28 a factor of 62552?
True
Is 39 a factor of 3549?
True
Does 22 divide 8305?
False
Does 2 divide 743?
False
Does 14 divide 8667?
False
Does 17 divide 306?
True
Is 102 a factor of 41514?
True
Is 25 a factor of 1600?
True
Does 4 divide 435?
False
Does 22 divide 1276?
True
Is 3 a factor of 1130?
False
Is 66 a factor of 733?
False
Is 11000 a multiple of 55?
True
Does 15 divide 25170?
True
Does 25 divide 88825?
True
Does 111 divide 5217?
True
Is 23 a factor of 184?
True
Does 76 divide 374?
False
Is 1998 a multiple of 9?
True
Is 912 a multiple of 6?
True
Is 3792 a multiple of 52?
False
Is 12 a factor of 310?
False
Is 787 a multiple of 19?
False
Is 4 a factor of 588?
True
Is 19 a factor of 14592?
True
Is 105 a factor of 12605?
False
Does 70 divide 1260?
True
Is 95 a factor of 1330?
True
Does 12 divide 2270?
False
Is 4513 a multiple of 25?
False
Is 16 a factor of 31699?
False
Is 19448 a multiple of 68?
True
Is 1649 a multiple of 7?
False
Is 11236 a multiple of 153?
False
Does 28 divide 1439?
False
Does 114 divide 39303?
False
Is 6 a factor of 750?
True
Does 61 divide 11089?
False
Is 23 a factor of 5018?
False
Is 1047 even?
False
Is 3018 a multiple of 233?
False
Is 3146 a multiple of 3?
False
Is 19937 a multiple of 4?
False
Is 78 a factor of 720?
False
Is 10 a factor of 1060?
True
Is 13 a factor of 39?
True
Is 88 a factor of 1301?
False
Does 166 divide 5772?
False
Does 149 divide 16539?
True
Is 7452 a multiple of 104?
False
Is 16533 a multiple of 60?
False
Is 40 a factor of 1800?
True
Is 2565 a multiple of 27?
True
Does 5 divide 26?
False
Is 9621 a multiple of 31?
False
Is 24420 a multiple of 110?
True
Is 7 a factor of 665?
True
Does 20 divide 1720?
True
Does 93 divide 4917?
False
Is 1209 a multiple of 93?
True
Does 130 divide 547?
False
Is 2058 a multiple of 14?
True
Does 249 divide 2160?
False
Does 82 divide 14678?
True
Is 9 a factor of 3687?
False
Does 37 divide 16428?
True
Is 7314 a multiple of 10?
False
Is 75174 a multiple of 19?
False
Does 58 divide 127?
False
Is 1102 even?
True
Is 1347 a multiple of 3?
True
Is 17 a factor of 850?
True
Is 56 a factor of 2184?
True
Is 79119 a multiple of 27?
False
Does 12 divide 4329?
False
Does 28 divide 1960?
Tru